{"id":6,"date":"2023-01-30T11:56:48","date_gmt":"2023-01-30T10:56:48","guid":{"rendered":"https:\/\/bisskultur.de\/?page_id=6"},"modified":"2025-10-31T22:08:30","modified_gmt":"2025-10-31T21:08:30","slug":"ueber-uns","status":"publish","type":"page","link":"https:\/\/bisskultur.ipv64.de\/index.php\/ueber-uns\/","title":{"rendered":"\u00dcber uns"},"content":{"rendered":"\n<p class=\"has-medium-font-size\"><strong>&#8230; ist der Himmel! \ud83d\ude18<br><br>bisskultur.de und sein TelegramAbleger ist ein pers\u00f6nliches Trainingsprojekt.<br>Inwieweit Biss und Kultur &#8211; bleibt dem Betrachter zur Beurteilung und Deutung vorbehalten.<br><br>bisskultur.de verfolgt keine finanziellen Interessen, will nicht konkurrieren und auch nicht manipulieren.<br><br>Herzliche Gr\u00fc\u00dfe<br>Admin<\/strong><br><\/p>\n\n\n\n<p class=\"has-medium-font-size\"><em>Nachdem die urspr\u00fcngliche NetzSeite, bisskultur.de, Opfer eines DatenGaus wurde, begab ich mich unter <a href=\"https:\/\/archive.org\/\">archive.org<\/a> auf die Suche und wurde schlie\u00dflich f\u00fcndig. Diese Seite ist im Men\u00fc unter bisskultur &#8211; archive.org als externer Link eingebunden. Das Laden dieser Seite dauert in der Regel etwas l\u00e4nger.<br>Geduld ist ein Hohes Gut!<\/em> \ud83d\ude0c<\/p>\n\n\n\n<p><\/p>\n","protected":false},"excerpt":{"rendered":"<p>&#8230; ist der Himmel! \ud83d\ude18 bisskultur.de und sein TelegramAbleger ist ein pers\u00f6nliches Trainingsprojekt.Inwieweit Biss und Kultur &#8211; bleibt dem Betrachter zur Beurteilung und Deutung vorbehalten. bisskultur.de verfolgt keine finanziellen Interessen, will nicht konkurrieren und&#46;&#46;&#46;<\/p>\n","protected":false},"author":1,"featured_media":0,"parent":0,"menu_order":0,"comment_status":"closed","ping_status":"closed","template":"","meta":{"footnotes":""},"class_list":["post-6","page","type-page","status-publish","hentry"],"_links":{"self":[{"href":"https:\/\/bisskultur.ipv64.de\/index.php\/wp-json\/wp\/v2\/pages\/6","targetHints":{"allow":["GET"]}}],"collection":[{"href":"https:\/\/bisskultur.ipv64.de\/index.php\/wp-json\/wp\/v2\/pages"}],"about":[{"href":"https:\/\/bisskultur.ipv64.de\/index.php\/wp-json\/wp\/v2\/types\/page"}],"author":[{"embeddable":true,"href":"https:\/\/bisskultur.ipv64.de\/index.php\/wp-json\/wp\/v2\/users\/1"}],"replies":[{"embeddable":true,"href":"https:\/\/bisskultur.ipv64.de\/index.php\/wp-json\/wp\/v2\/comments?post=6"}],"version-history":[{"count":12,"href":"https:\/\/bisskultur.ipv64.de\/index.php\/wp-json\/wp\/v2\/pages\/6\/revisions"}],"predecessor-version":[{"id":1221,"href":"https:\/\/bisskultur.ipv64.de\/index.php\/wp-json\/wp\/v2\/pages\/6\/revisions\/1221"}],"wp:attachment":[{"href":"https:\/\/bisskultur.ipv64.de\/index.php\/wp-json\/wp\/v2\/media?parent=6"}],"curies":[{"name":"wp","href":"https:\/\/api.w.org\/{rel}","templated":true}]}}