{"id":414,"date":"2025-03-17T16:22:41","date_gmt":"2025-03-17T15:22:41","guid":{"rendered":"https:\/\/bisskultur.de\/?page_id=414"},"modified":"2025-08-31T20:39:20","modified_gmt":"2025-08-31T18:39:20","slug":"wenn-das-die-menschheit-wuesste","status":"publish","type":"page","link":"https:\/\/bisskultur.ipv64.de\/index.php\/wenn-das-die-menschheit-wuesste\/","title":{"rendered":"Wenn das die Menschheit w\u00fcsste"},"content":{"rendered":"\n<div data-wp-interactive=\"core\/file\" class=\"wp-block-file\"><object data-wp-bind--hidden=\"!state.hasPdfPreview\" hidden class=\"wp-block-file__embed\" data=\"https:\/\/bisskultur.ipv64.de\/wordpress\/wp-content\/uploads\/2025\/03\/Wenn-das-die-Menschheit-wuesste.-Wir-stehen-vor-den-groessten-Enthuellungen-aller-Zeiten-by-Prinz-D.van-Helsing-J.pdf\" type=\"application\/pdf\" style=\"width:100%;height:1150px\" aria-label=\"Einbettung von Wenn das die Menschheit w\u00fcsste... Wir stehen vor den gr\u00f6\u00dften Enth\u00fcllungen aller Zeiten by Prinz, D.van Helsing, J..\"><\/object><a id=\"wp-block-file--media-e51b3af8-255e-4901-ab4d-6af4c908ea8e\" href=\"https:\/\/bisskultur.ipv64.de\/wordpress\/wp-content\/uploads\/2025\/03\/Wenn-das-die-Menschheit-wuesste.-Wir-stehen-vor-den-groessten-Enthuellungen-aller-Zeiten-by-Prinz-D.van-Helsing-J.pdf\">Wenn das die Menschheit w\u00fcsste&#8230; Wir stehen vor den gr\u00f6\u00dften Enth\u00fcllungen aller Zeiten by Prinz, D.van Helsing, J.<\/a><a href=\"https:\/\/bisskultur.ipv64.de\/wordpress\/wp-content\/uploads\/2025\/03\/Wenn-das-die-Menschheit-wuesste.-Wir-stehen-vor-den-groessten-Enthuellungen-aller-Zeiten-by-Prinz-D.van-Helsing-J.pdf\" class=\"wp-block-file__button wp-element-button\" download aria-describedby=\"wp-block-file--media-e51b3af8-255e-4901-ab4d-6af4c908ea8e\">Herunterladen<\/a><\/div>\n","protected":false},"excerpt":{"rendered":"","protected":false},"author":1,"featured_media":0,"parent":0,"menu_order":0,"comment_status":"closed","ping_status":"closed","template":"","meta":{"footnotes":""},"class_list":["post-414","page","type-page","status-publish","hentry"],"_links":{"self":[{"href":"https:\/\/bisskultur.ipv64.de\/index.php\/wp-json\/wp\/v2\/pages\/414","targetHints":{"allow":["GET"]}}],"collection":[{"href":"https:\/\/bisskultur.ipv64.de\/index.php\/wp-json\/wp\/v2\/pages"}],"about":[{"href":"https:\/\/bisskultur.ipv64.de\/index.php\/wp-json\/wp\/v2\/types\/page"}],"author":[{"embeddable":true,"href":"https:\/\/bisskultur.ipv64.de\/index.php\/wp-json\/wp\/v2\/users\/1"}],"replies":[{"embeddable":true,"href":"https:\/\/bisskultur.ipv64.de\/index.php\/wp-json\/wp\/v2\/comments?post=414"}],"version-history":[{"count":2,"href":"https:\/\/bisskultur.ipv64.de\/index.php\/wp-json\/wp\/v2\/pages\/414\/revisions"}],"predecessor-version":[{"id":1111,"href":"https:\/\/bisskultur.ipv64.de\/index.php\/wp-json\/wp\/v2\/pages\/414\/revisions\/1111"}],"wp:attachment":[{"href":"https:\/\/bisskultur.ipv64.de\/index.php\/wp-json\/wp\/v2\/media?parent=414"}],"curies":[{"name":"wp","href":"https:\/\/api.w.org\/{rel}","templated":true}]}}