{"id":163,"date":"2024-01-17T21:17:42","date_gmt":"2024-01-17T20:17:42","guid":{"rendered":"https:\/\/bisskultur.de\/?page_id=163"},"modified":"2025-10-31T22:41:59","modified_gmt":"2025-10-31T21:41:59","slug":"startseite","status":"publish","type":"page","link":"https:\/\/bisskultur.ipv64.de\/","title":{"rendered":"Startseite"},"content":{"rendered":"\n<figure class=\"wp-block-video\"><video height=\"720\" style=\"aspect-ratio: 1280 \/ 720;\" width=\"1280\" controls src=\"https:\/\/bisskultur.ipv64.de\/wordpress\/wp-content\/uploads\/2024\/01\/Freiheit-Compressed-4009067.mp4\"><\/video><\/figure>\n\n\n\n<p><\/p>\n\n\n\n<p class=\"has-text-align-center has-medium-font-size\" style=\"font-style:normal;font-weight:700\">Freiheit die ich meine,<br>die mein Herz erf\u00fcllt,<br>Komm mit deinem Scheine,<br>s\u00fc\u00dfes Engelbild!<br>Magst du nie dich zeigen<br>der bedr\u00e4ngten Welt,<br>f\u00fchrest deinen Reigen<br>nur am Sternenzelt?<br><br>Auch bei gr\u00fcnen B\u00e4umen<br>in dem lustgen Wald<br>unter Bl\u00fctentr\u00e4umen<br>ist dein Aufenthalt.<br>Ach, das ist ein Leben,<br>wenn es weht und klingt,<br>wenn dein stilles Weben<br>wonnig uns durchdringt!<br><br>Wenn die Bl\u00e4tter rauschen<br>s\u00fc\u00dfen Freudesgru\u00df,<br>wenn wir Blicke tauschen,<br>Liebeswort und Ku\u00df.<br>Aber immer weiter<br>nimmt das Herz den Lauf,<br>auf der Himmelsleiter<br>steigt die Sehnsucht auf.<br><br>Wo sich Gottes Flamme<br>in ein Herz gesenkt,<br>das am alten Stamme<br>treu und liebend h\u00e4ngt;<br>wo sich M\u00e4nner finden,<br>die f\u00fcr Ehr und Recht<br>mutig sich verbinden,<br>weilt ein frei Geschlecht.<br><br>Freiheit, die ich meine,<br>die mein Herz erf\u00fcllt,<br>komm mit deinem Scheine,<br>s\u00fc\u00dfes Engelsbild!<br>Freiheit, holdes Wesen,<br>gl\u00e4ubig, k\u00fchn und zart,<br>hast ja lang&#8216; erlesen<br>dir die deutsche Art.<\/p>\n","protected":false},"excerpt":{"rendered":"<p>Freiheit die ich meine,die mein Herz erf\u00fcllt,Komm mit deinem Scheine,s\u00fc\u00dfes Engelbild!Magst du nie dich zeigender bedr\u00e4ngten Welt,f\u00fchrest deinen Reigennur am Sternenzelt? Auch bei gr\u00fcnen B\u00e4umenin dem lustgen Waldunter Bl\u00fctentr\u00e4umenist dein Aufenthalt.Ach, das ist ein&#46;&#46;&#46;<\/p>\n","protected":false},"author":1,"featured_media":0,"parent":0,"menu_order":0,"comment_status":"closed","ping_status":"closed","template":"","meta":{"footnotes":""},"class_list":["post-163","page","type-page","status-publish","hentry"],"_links":{"self":[{"href":"https:\/\/bisskultur.ipv64.de\/index.php\/wp-json\/wp\/v2\/pages\/163","targetHints":{"allow":["GET"]}}],"collection":[{"href":"https:\/\/bisskultur.ipv64.de\/index.php\/wp-json\/wp\/v2\/pages"}],"about":[{"href":"https:\/\/bisskultur.ipv64.de\/index.php\/wp-json\/wp\/v2\/types\/page"}],"author":[{"embeddable":true,"href":"https:\/\/bisskultur.ipv64.de\/index.php\/wp-json\/wp\/v2\/users\/1"}],"replies":[{"embeddable":true,"href":"https:\/\/bisskultur.ipv64.de\/index.php\/wp-json\/wp\/v2\/comments?post=163"}],"version-history":[{"count":14,"href":"https:\/\/bisskultur.ipv64.de\/index.php\/wp-json\/wp\/v2\/pages\/163\/revisions"}],"predecessor-version":[{"id":1225,"href":"https:\/\/bisskultur.ipv64.de\/index.php\/wp-json\/wp\/v2\/pages\/163\/revisions\/1225"}],"wp:attachment":[{"href":"https:\/\/bisskultur.ipv64.de\/index.php\/wp-json\/wp\/v2\/media?parent=163"}],"curies":[{"name":"wp","href":"https:\/\/api.w.org\/{rel}","templated":true}]}}